t f be x(16). Calculate the greatest common divisor of f and 21.
3
Let a be (-12)/16 + (-15405)/(-60). What is the greatest common divisor of 8 and a?
8
Let g = 1 - -16. Suppose 3*q - g = -5*j, -2*q - 2*j = -4*j - 6. Suppose -f = q*n - 15, -f - 2*f = 3*n. What is the highest common factor of n and 65?
5
Suppose 0 = -46*l + 942 - 169 - 83. Suppose -3*i + 4 - 10 = 0, -2*i + 146 = 5*v. Calculate the greatest common factor of v and l.
15
Let y(t) = -18*t**3 - 7*t**2 - 13*t - 3. Let h be y(-2). Let a = h - 67. Calculate the highest common divisor of 45 and a.
9
Let i(x) = -11*x**2 + 7*x**3 + 29*x**2 - 4*x - 10*x**2 - 3*x**3 - 11*x**2 + 3. Let l be i(3). Calculate the highest common divisor of 56 and l.
8
Let b be 4/6*(-3)/(-2). Suppose 1635*x - 4725 = 960*x. Calculate the greatest common factor of x and b.
1
Let q be (-105)/(-385) - (-6309)/99. Let j = 47 + -19. Suppose -5*p = -m + 36, -p = 3*m - m - j. What is the greatest common divisor of m and q?
16
Let o = -2 - -11. Let f be (-3097)/(-8) - (24 + (-7640)/320). Calculate the highest common divisor of o and f.
9
Let w(y) = 5*y - 20. Let n be (-276)/(-23) + (1 - (2 + 3)). Let l be w(n). What is the highest common factor of l and 25?
5
Let m = 19 - 13. Suppose 17 + 91 = m*y. Suppose -9*l + 315 = -333. What is the highest common divisor of l and y?
18
Suppose -3*j - 5*i = -298, -8*i = -4*j - 4*i + 376. Calculate the highest common factor of j and 54.
6
Let p = 4409 - 3353. Calculate the highest common factor of 384 and p.
96
Let n(q) = 24*q - 80*q + 39*q - 34. Let x be n(-5). What is the highest common divisor of x and 102?
51
Let k be 2/(8/36)*1. Suppose 3*b = -2*j + 7, -b - 3*j - 2 = -k. Let a(i) = 12*i**2 - i + 1. Let c be a(b). Calculate the greatest common factor of 48 and c.
12
Let l be (-404586)/(-147) + (-1 - 45/(-63)). Calculate the greatest common divisor of l and 129.
43
Suppose -3*s - 12 = 0, 2*m + 3*m - 52 = 3*s. Let h(x) = 3*x**2 - 7*x - 5 + 15 - m + 2. Let l be h(-3). What is the highest common factor of l and 4?
4
Let t be (3/2)/((-57)/(-152)). Suppose -q - 6 = 4*x - 17, -78 = -t*q + x. What is the greatest common divisor of q and 38?
19
Suppose -5*o = -2*j + 47 - 11, 32 = 3*j - 2*o. Let x = 7 + -4. Suppose 0 = -x*b + 41 - j. What is the highest common divisor of b and 11?
11
Let l = -970 + 1452. Let k = 497 - l. Let g = 566 - 326. Calculate the highest common factor of g and k.
15
Suppose 7*x - x = 30. Suppose -x*q + 441 = -14*q. Let n = -37 - q. Calculate the greatest common factor of 168 and n.
12
Let y(z) = -34*z + 8. Let p be y(2). Let m = p - -64. Suppose -m = h + q - 20, -4*h + 59 = -q. Calculate the greatest common divisor of h and 6.
3
Suppose -5*z = t - 203, 114*z + 132 = 117*z + 4*t. Calculate the highest common factor of 9580 and z.
20
Let d be 5/3*(-21)/(-5). Suppose 5*z = 2*l - 155, d*z - 11*z + 146 = 2*l. What is the highest common divisor of 30 and l?
15
Suppose -10 = 2*b, -3*b + 270 + 115 = 5*d. What is the highest common factor of d and 6800?
80
Let y = 421 + 651. Suppose 3*u - 1414*m - 191 = -1419*m, 61 = u + 3*m. What is the highest common divisor of u and y?
67
Let k be (3 + (-2 - 0))*4. Let w = -394 - -395. Let b be (-3 - -4) + -6 - (-8 + w). Calculate the greatest common divisor of k and b.
2
Let a be (208/520)/(((-8)/(-5))/4). Calculate the highest common divisor of 541 and a.
1
Let b(r) = r**3 - 28*r**2 + 52*r + 20. Let a be b(26). What is the highest common divisor of a and 6730?
10
Let z be (1/((-2)/3))/((-86)/11868). Let n = 227 - z. Calculate the greatest common divisor of 110 and n.
10
Let j(y) = -182*y + 1488. Let k be j(8). Calculate the greatest common divisor of 2392 and k.
8
Suppose 4*t - 580 = -4*x + 320, 3*x = 3*t - 705. Calculate the highest common factor of 780 and t.
10
Suppose -909*u + 7956 = -870*u. What is the highest common factor of 4794 and u?
102
Let s(a) = 13*a - 9. Suppose -103*l = -107*l + 8. Let u be s(l). What is the greatest common divisor of 391 and u?
17
Let k = -140 - -140. Suppose -2*i - 5*w + 252 + 702 = k, -4*w = 0. What is the greatest common factor of 53 and i?
53
Let p = 93 + -11. Suppose -m + 5*m = 8. Suppose -90 = -5*w + 4*z, 3*w + m*z - p = -28. What is the greatest common divisor of w and 6?
6
Let l = -209 + 219. Suppose -l*q + 684 = -356. What is the highest common divisor of 234 and q?
26
Let i(r) = -12*r - 4. Let k be i(-5). Suppose k*x + 1710 = 59*x. Suppose -12*g + x = -6*g. What is the greatest common divisor of 19 and g?
19
Let n(q) = -4*q + 38. Let f be n(9). Suppose -3*o - 425 = -8*o + b, f*o = b + 167. Calculate the highest common divisor of 129 and o.
43
Let y(o) = o**3 - 104*o**2 - 16*o - 8471. Let k be y(105). Calculate the highest common divisor of k and 570.
38
Suppose 8*h - 3*x = 6*h, 8 = 2*h + x. Suppose 3*t + 2 = -5*f, h = -2*t - 5. Calculate the highest common divisor of 5 and f.
1
Suppose -16*v + 21*v = 25. Suppose -5*w + 2*m = -w - 62, -2*m = -v*w + 75. Suppose 3*x - 8*x + 1105 = 0. Calculate the highest common factor of x and w.
13
Let v be 126 + -7 + (7 - 0). What is the greatest common factor of 854 and v?
14
Let d(l) = 9 - 3 - 13*l - 24*l. Let m be d(3). Let g = -21 - m. What is the greatest common divisor of g and 21?
21
Let f be (358 + -2)*87/(-116). Let h = 278 + f. What is the highest common factor of h and 517?
11
Let y = 45 + -42. Let i be -2 - (y + (-1 - 6)). Suppose -b + 5*q = -29, 2*q - 25 = -i*b + q. What is the greatest common factor of 70 and b?
14
Let a be (-40)/6*(-170856)/315. Calculate the highest common factor of 226 and a.
226
Let y = 45034 - 9930. Let v be y/176 - (-6)/11. Calculate the highest common divisor of v and 16.
8
Let g(j) = 78*j**3 + j. Let i be g(1). Let a be 2 + i - (7/1 - 4). Calculate the highest common factor of a and 6.
6
Let c(m) = 50*m - 108. Let v be c(3). What is the highest common divisor of v and 1141?
7
Let l(c) = 18*c + 29. Let a(p) = p**3 + 8*p**2 + 9*p + 8. Let d be a(-7). Let k be l(d). Let f = k + 111. Calculate the highest common factor of 160 and f.
32
Suppose 30 + 26 = -277*s + 278*s. What is the greatest common factor of 15680 and s?
56
Let s be 82/2*(-2 - -1). Let d = -17 - s. Let b(u) = -79*u + 2955. Let l be b(37). Calculate the greatest common divisor of l and d.
8
Suppose -178716 = -63*z + 71898. Calculate the greatest common factor of z and 195.
39
Suppose 0*q - 5*l - 92 = -2*q, 0 = -0*l - 5*l + 30. Let c(h) = 670*h**3 + h**2. Let b be c(1). What is the highest common factor of b and q?
61
Let g = 12 + -1. Let d = g - 7. Suppose -o - 3*w = -6*w + 11, -4*o + w = 0. What is the greatest common divisor of d and o?
1
Let i(b) = -2*b**2 - 46*b - 24. Let m be i(-22). Let d = -7 + 48. Let y = d - 33. What is the highest common factor of y and m?
4
Let r(c) = -11*c**3 + 33*c**2 - 16*c + 52. Let i be r(3). What is the highest common divisor of i and 428?
4
Let n(w) = 2*w**3 + 128*w**2 + 127*w + 147. Let h be n(-63). What is the greatest common factor of h and 2212?
28
Let x(q) = -q**3 - 79*q**2 + 129*q - 2367. Let o be x(-81). Calculate the greatest common divisor of o and 4539.
51
Let c(p) = -23*p - 1801. Let k be c(-79). What is the greatest common factor of 504 and k?
8
Let m(f) = -3*f**2 + 63*f - 141. Let i be m(16). Calculate the highest common factor of 342 and i.
9
Let m(u) = 2*u**2 - 27*u + 16. Suppose 9 = -3*h, 0 = -4*v + 3*v - 5*h. Let q be m(v). Calculate the greatest common divisor of q and 427.
61
Let x = 4570 - 4558. Let c(o) be the first derivative of o**4/4 + 7*o**3/3 - 2*o**2 + 4. Let b be c(-6). What is the greatest common divisor of b and x?
12
Let o = -25 + 150. Let r(n) = 13*n - 2. Suppose -4 = -17*q + 16*q. Let d be r(q). What is the highest common divisor of d and o?
25
Suppose 0 = 3*p - 3*q - 127758, -p + 4*q = 2*p - 127749. What is the greatest common factor of p and 35?
35
Let s = -3891 - -4245. What is the highest common divisor of s and 1003?
59
Let j = -539 + 796. Suppose -j*r + 264*r = 154. Calculate the highest common divisor of r and 88.
22
Let j(d) be the second derivative of d**4/6 - 5*d**3/6 + d**2 + d. Let r be j(6). Let u = 2028 + -2017. Calculate the highest common divisor of u and r.
11
Let a = 1826 - 1690. Let u be (-5 + 1)/((-4)/(-30)). Let x be u/(-9)*(-24)/(-10). What is the greatest common divisor 